 j(a) = a**2 - 4*a - 7. Let t be j(7). Let n be (-13769)/(-343) + ((-16)/t - -1). What is the greatest common divisor of 12 and n?
4
Let u be ((-909110)/(-90) - 21) + 1/((-18)/4). What is the highest common divisor of 48 and u?
48
Let n(t) = 2*t**3 - 12*t**2 + t - 9. Let x be n(6). Let s be x + 6/16 + 3507/56. Let d = 61 - 31. Calculate the greatest common divisor of d and s.
30
Suppose -67 - 41 = -6*r. Let m = 21 - r. Suppose 2*i - 2*g - m*g - 279 = 0, 2*g + 534 = 4*i. What is the highest common factor of 33 and i?
33
Let y(z) be the second derivative of 178*z**5/5 + z**4/3 - 5*z**3/6 + z**2/2 - 27*z. Let c be y(1). What is the highest common divisor of 8 and c?
8
Let q be ((-152)/48*3)/(2/52). Let h = q - -304. What is the greatest common divisor of 76 and h?
19
Suppose 45*i = -2*i + 271848. What is the highest common factor of i and 24?
24
Let w(c) = 327*c + 383. Let k be w(-1). What is the highest common divisor of k and 4368?
56
Suppose 0 = n - 3*u + 760, 8*n + 2*u + 3868 = 3*n. Let w = n - -528. Let m be (-2)/3 - w/6. Calculate the greatest common divisor of 8 and m.
8
Let h be 0 - -6 - 30*19/190. Calculate the greatest common divisor of 261 and h.
3
Let f(d) be the second derivative of d**5/20 - 5*d**4/6 + 7*d**3/3 - 9*d**2/2 - 10*d. Let y be f(9). Calculate the highest common divisor of 27 and y.
9
Suppose -n + 8 = 5. Let i be (2/n)/((-2)/(-2 - 88)). Suppose -u + 5 = -6*u, 4*u + 7 = m. Calculate the highest common factor of i and m.
3
Let u(f) = 2*f**2 - 29*f + 15. Let c be u(14). Let q be (-12)/(-4)*c + 1*4. Calculate the greatest common divisor of 77 and q.
7
Let h = -1628 - -2068. Calculate the greatest common divisor of 396 and h.
44
Let k(c) = 17*c**2 - 25*c - 6. Let o be k(14). What is the greatest common factor of o and 288?
96
Let g = -2 - -10. Let l = 46 + -48. Let t be l*1/6*-3. What is the greatest common factor of g and t?
1
Let x be -18 + 81 + 18 + -9. Calculate the highest common divisor of 792 and x.
72
Let q(y) = y**2 - 13*y + 29. Let a be q(12). Suppose a*p - 2100 = -3*p. What is the greatest common factor of p and 15?
15
Let k(m) = 27*m**2 + 3*m + 1. Let t be k(3). Let u be ((-3128)/51)/(192/(-72)). What is the highest common divisor of t and u?
23
Let r = -136 + 144. Suppose -16*c + r*c + 576 = 0. Suppose -4*j + 7*j = 72. Calculate the greatest common divisor of c and j.
24
Suppose -90*h + 252*h - 267300 = 0. Calculate the highest common factor of h and 2700.
150
Let a = -185 - -250. Suppose -2112 = -71*l + a*l. What is the greatest common divisor of 44 and l?
44
Let n(i) = 2*i**3 + 27*i**2 + 7*i - 39. Let j be n(-13). Let f = -35 - -75. Let l = f - j. Calculate the highest common divisor of l and 5.
1
Let p be -66*2/((-12)/57). Suppose -14*a = -17*a + p. What is the highest common factor of 19 and a?
19
Let i be (-28)/4 - (359 + -4). Let m = -310 - i. Calculate the greatest common factor of 39 and m.
13
Let b be ((-4)/2 + 4)/(10/355). Suppose 0*h = 2*h - 54. Let g = b + h. Calculate the greatest common factor of 14 and g.
14
Let u = -34 + 39. Suppose -w + 1 = 0, 3*w = -u*q + 4*w + 4. Let z be 7/((2/q)/2). Calculate the greatest common divisor of z and 56.
7
Let z(v) = 67*v + 514. Let q be z(-7). What is the highest common factor of 3555 and q?
45
Let l(g) = 8*g + 118. Let j be l(-12). Suppose 3*x - 22 = -i, 0*i = 2*i + x - 44. What is the highest common divisor of i and j?
22
Let z(x) = -1127*x**3 - 4*x**2 - 2*x + 2. Let d be z(-1). Calculate the greatest common divisor of 7245 and d.
161
Let u = -48 - -39. Let y be (21/u - (-20)/15) + 112. What is the greatest common factor of 3 and y?
3
Suppose 157*h - 4077 - 2194 = 323. Calculate the highest common factor of h and 651.
21
Let v(u) = 56*u + 56. Let r be v(2). Let c = 132 - 90. What is the highest common divisor of r and c?
42
Let w be (-15870)/12*136/(-170). Calculate the highest common divisor of 414 and w.
46
Suppose 4*s - 3706 = 2*c, -7*s - 4*c + 3724 = -3*s. Calculate the highest common divisor of s and 48.
16
Suppose -5*w = 3*s - 136434, 0 = -56*w + 60*w + 4*s - 109144. What is the highest common divisor of 12 and w?
12
Let r = 998 + -443. Suppose 6*u + 133 = 8*u - 5*y, 0 = -4*u - 4*y + 308. What is the highest common factor of u and r?
37
Let h = 239 - 351. Let a = h - -192. Let d(x) = 16*x - 22. Let w be d(2). Calculate the highest common factor of a and w.
10
Suppose 0 = 296*b - 85*b + 468 - 1734. What is the greatest common factor of 1758 and b?
6
Let i be 25 - (-60670)/5 - 14. What is the highest common factor of 140 and i?
35
Suppose 5*o = 842*p - 851*p + 140, -2*o = -3*p - 23. Calculate the greatest common factor of o and 5.
1
Let p be (-8)/(-14) + -1 - (-2041)/91. Suppose p = 7*j - 622. Calculate the greatest common factor of j and 69.
23
Suppose 5*f - 320 = -3*i, -5*i + 2*f = -550 - 4. Let v(a) = 8*a - 14. Let b be v(3). What is the greatest common factor of i and b?
10
Let c be (22 - 9)*(-940)/(-130). Calculate the greatest common divisor of 12643 and c.
47
Let a = -192 - -270. Suppose 6*r + 16 = 4*r - 4*v, -32 = 5*r + 2*v. Let d be 18 - (r + (9 - -2)). What is the highest common factor of d and a?
13
Let d = 15 + 17. Suppose -3*b + d = 3*y - 1, 0 = -y + 4*b - 4. Let n(v) = -7*v**2 + 160*v + 55. Let u be n(23). What is the greatest common factor of u and y?
8
Let s be (91/(-21))/(5/(-270)). What is the highest common divisor of s and 754?
26
Suppose 22*c = -160 - 10400. Let t = 549 + c. What is the highest common factor of 12 and t?
3
Let i(x) = -59*x - 4563. Let p be i(-82). What is the greatest common divisor of 33 and p?
11
Suppose -4*s + 16 = -3*s. Let v be (-2)/8 - 13/(-52). Suppose v*l - 7*l = -28. What is the highest common divisor of s and l?
4
Suppose -33759 - 61271 = -43*v. Calculate the highest common factor of v and 585.
65
Let t = 2291 - 253. Let l = t + -1153. Calculate the highest common factor of 15 and l.
15
Let q = 137 + -92. What is the greatest common divisor of q and 435?
15
Let s be (6/5 - 0)*(-3975)/1590 - -129. Calculate the greatest common factor of 1666 and s.
14
Let g(p) = -p**3 - 3*p**2 + 3*p + 1. Let m be g(-4). Suppose -m*h + h - 328 = 0. Let n = -54 - h. What is the greatest common divisor of n and 70?
14
Suppose 34*j + 14 = -2*q + 36*j, -3*j = -2*q - 19. Let t be (10/(-8))/(q/8). What is the highest common factor of t and 5?
5
Let b(p) = -p**3 + 16*p**2 + 21*p - 46. Let q be b(17). Let w(h) = -h**3 + 24*h**2 - 39*h - 29. Let t be w(q). What is the greatest common factor of t and 108?
27
Suppose 349 = 2*t - j - 231, -5*j = 4*t - 1132. Suppose -16*r = -t - 2160. Calculate the highest common factor of r and 51.
51
Let y = -35 - -98. Suppose 460 = 5*q - 35. Let g = q - y. What is the greatest common factor of 36 and g?
36
Let x = 230 + -230. Suppose x = 3*u + 26 - 143. What is the highest common divisor of 91 and u?
13
Let w be (-8)/20 + (-7)/(-5). Let s = -112 - -116. Let f(j) = 2*j**2 - 8*j + 9. Let k be f(s). Calculate the greatest common divisor of w and k.
1
Suppose 0 = 95*r - 76*r - 2584. Calculate the highest common factor of r and 6.
2
Let p be 30/2 + (1 - 0). Suppose -h - 36*b + 29 = -41*b, -3*h + 5*b = -37. What is the highest common divisor of h and p?
4
Suppose 0 = 5*i - 3*s + 1166, 3*i - 3*s + 5*s = -692. Let p = 576 + i. What is the greatest common factor of 43 and p?
43
Let v = 1411 - 1405. What is the highest common divisor of v and 3207?
3
Let z(b) = b**3 + 3*b**2 - 7*b - 11. Let o be z(-2). Suppose -o*f = -759 - 319. What is the highest common factor of f and 77?
77
Let k = 3398 - 263. What is the highest common factor of k and 165?
165
Let m be 3*4/(-12)*1 + 4. Suppose 0 = m*r, r = 2*i - 11 + 5. What is the greatest common divisor of 153 and i?
3
Let j be ((-1)/2)/((-850)/646000). Let i = 53 - 13. What is the highest common divisor of i and j?
20
Suppose 1118*j = 1030*j + 24816. Calculate the greatest common divisor of 3525 and j.
141
Let g = -227 - -346. Suppose -4*f = 2*n - 20, 3*f + 16 = -f. Suppose -2*t + r - n = -5*t, -5*t + r = -38. Calculate the highest common factor of g and t.
7
Suppose -3*y + 409*r = 412*r - 4809, -4*y - 3*r = -6409. Calculate the greatest common divisor of y and 100.
100
Suppose 6*l = 2*l + 40. Let w(p) = -p**2 + 4*p + 68. Let a be w(l). Suppose 0 = -2*x + 4*x - 64. Calc